{"id":20,"date":"2013-03-20T20:24:21","date_gmt":"2013-03-20T18:24:21","guid":{"rendered":"http:\/\/laperlacoiffeur.ch\/?page_id=20"},"modified":"2018-01-01T13:33:05","modified_gmt":"2018-01-01T12:33:05","slug":"produkte","status":"publish","type":"page","link":"https:\/\/laperlacoiffeur.ch\/?page_id=20","title":{"rendered":"Produkte"},"content":{"rendered":"<p>Egal ob Colorieren, T\u00f6nen, Frisieren oder Stylen, f\u00fcr meine Kunden verwende ich nur professionelle Produkte, von denen ich \u00fcberzeugt bin.<\/p>\n<p>Ich vertraue den Produkten von Wella und L&#8217;Or\u00e9al Professionals und erziele mit Ihnen f\u00fcr Sie\u00a0immer das beste Resultat.<\/p>\n<p><a href=\"http:\/\/laperlacoiffeur.ch\/wp-content\/uploads\/2013\/03\/loreal.png\"><img loading=\"lazy\" class=\"aligncenter size-medium wp-image-127\" alt=\"loreal\" src=\"http:\/\/laperlacoiffeur.ch\/wp-content\/uploads\/2013\/03\/loreal-300x85.png\" width=\"300\" height=\"85\" srcset=\"https:\/\/laperlacoiffeur.ch\/wp-content\/uploads\/2013\/03\/loreal-300x85.png 300w, https:\/\/laperlacoiffeur.ch\/wp-content\/uploads\/2013\/03\/loreal.png 805w\" sizes=\"(max-width: 300px) 100vw, 300px\" \/><\/a><a href=\"http:\/\/laperlacoiffeur.ch\/wp-content\/uploads\/2013\/03\/wella1.png\"><img loading=\"lazy\" class=\"aligncenter size-medium wp-image-128\" alt=\"wella\" src=\"http:\/\/laperlacoiffeur.ch\/wp-content\/uploads\/2013\/03\/wella1-300x205.png\" width=\"300\" height=\"205\" srcset=\"https:\/\/laperlacoiffeur.ch\/wp-content\/uploads\/2013\/03\/wella1-300x205.png 300w, https:\/\/laperlacoiffeur.ch\/wp-content\/uploads\/2013\/03\/wella1.png 620w\" sizes=\"(max-width: 300px) 100vw, 300px\" \/><\/a><\/p>\n<p>&nbsp;<\/p>\n<p>Gerne berate ich sie individuell \u00fcber meine Produkte und stelle Ihnen ein auf Sie zugeschnittenes Pflege-Set zusammen.<\/p>\n<p>&nbsp;<\/p>\n","protected":false},"excerpt":{"rendered":"<p>Egal ob Colorieren, T\u00f6nen, Frisieren oder Stylen, f\u00fcr meine Kunden verwende ich nur professionelle Produkte, von denen ich \u00fcberzeugt bin. Ich vertraue den Produkten von Wella und L&#8217;Or\u00e9al Professionals und erziele mit Ihnen f\u00fcr Sie\u00a0immer das beste Resultat. &nbsp; Gerne berate ich sie individuell \u00fcber meine Produkte und stelle Ihnen ein auf Sie zugeschnittenes Pflege-Set [&hellip;]<\/p>\n","protected":false},"author":1,"featured_media":0,"parent":0,"menu_order":0,"comment_status":"open","ping_status":"open","template":"","meta":[],"_links":{"self":[{"href":"https:\/\/laperlacoiffeur.ch\/index.php?rest_route=\/wp\/v2\/pages\/20"}],"collection":[{"href":"https:\/\/laperlacoiffeur.ch\/index.php?rest_route=\/wp\/v2\/pages"}],"about":[{"href":"https:\/\/laperlacoiffeur.ch\/index.php?rest_route=\/wp\/v2\/types\/page"}],"author":[{"embeddable":true,"href":"https:\/\/laperlacoiffeur.ch\/index.php?rest_route=\/wp\/v2\/users\/1"}],"replies":[{"embeddable":true,"href":"https:\/\/laperlacoiffeur.ch\/index.php?rest_route=%2Fwp%2Fv2%2Fcomments&post=20"}],"version-history":[{"count":8,"href":"https:\/\/laperlacoiffeur.ch\/index.php?rest_route=\/wp\/v2\/pages\/20\/revisions"}],"predecessor-version":[{"id":139,"href":"https:\/\/laperlacoiffeur.ch\/index.php?rest_route=\/wp\/v2\/pages\/20\/revisions\/139"}],"wp:attachment":[{"href":"https:\/\/laperlacoiffeur.ch\/index.php?rest_route=%2Fwp%2Fv2%2Fmedia&parent=20"}],"curies":[{"name":"wp","href":"https:\/\/api.w.org\/{rel}","templated":true}]}}